igit of w(0)?
2
Let i = 1167 - 555. What is the hundreds digit of i?
6
What is the tens digit of (44/(-12) + 3)/(6/(-3609))?
0
Suppose -4*i = -7*f + 9*f - 4148, -4*i = 0. What is the hundreds digit of f?
0
What is the hundreds digit of 196/((20/5)/8)?
3
Suppose -2*w - p - 4*p = -3, -3*w = 5*p - 7. Suppose -3*u = -w*f + 262, -2*f = -u - f - 89. Let i = -54 - u. What is the units digit of i?
0
Suppose 0 = 5*o - 25, 95*h - 92*h - 3704 = -o. What is the hundreds digit of h?
2
Let c(z) = -9*z + 9*z + 14*z**2 + 2. What is the units digit of c(-2)?
8
Let o be (-371)/(-49) - (6/(-14) + 0). Suppose o*h = -2*h + 550. What is the tens digit of h?
5
What is the units digit of (6672/(-64))/(5/(-20))?
7
Let t(y) = 4*y**2 - 2*y - 3. Let o be (-3)/2*(-48)/(-18). What is the units digit of t(o)?
9
Let j(o) = -o + 4. Let r be j(0). Suppose -r*b + 5*f + 25 = 0, 5*b + f + 4 = -1. Suppose -2*w + 5*w - 129 = b. What is the units digit of w?
3
Suppose 26*k + 765 - 5185 = 0. Let n(f) = f + 10. Let o be n(-5). Suppose -o*g - 2*d + k = 0, 4*d = -4*g - g + 160. What is the units digit of g?
6
Suppose -4*t = -3*p - 916, -892 = -t - 3*t - 3*p. What is the tens digit of t?
2
Let r(q) = 2488*q**2 - 4*q + 4. What is the hundreds digit of r(1)?
4
Let z(b) = -2*b**2 + 6*b + 3014. What is the thousands digit of z(0)?
3
Let m(i) = -43*i + 21. Let w be m(-3). Let b = -4 + w. What is the hundreds digit of b?
1
Let a be (2 - 5)/(3/(-2)). Let m(v) = -6*v + v - 4*v - 7 - v**a. What is the units digit of m(-8)?
1
Suppose 2*y + 4*t = -6, -4*t - 5 = -y - 2*t. Let z be (1 - (10 + y)) + -1. Let k = 36 + z. What is the units digit of k?
5
Let p = 13633 - 8817. What is the units digit of p?
6
Suppose -5*c + 1716 = 6*c. What is the tens digit of c?
5
Let h(x) = 2*x**2 + 23*x - 105. What is the units digit of h(17)?
4
Suppose -3*v + 3204 = 6*v. What is the tens digit of v?
5
Let s = 307 - 137. Let c be (-12 - -17)*((-3)/(-3) + -14). What is the units digit of (78/c)/((-4)/s)?
1
Let w be ((-12)/(-8) + -1)*8. Suppose 4*c - 25 = -z - 2*z, w*z = -c + 16. Suppose -3*y = -3*m + 48, y + z*y = 0. What is the tens digit of m?
1
Let f be 0/8 + 1 + 1. Suppose -g = f*g - 12. Suppose 3*m = z - 2*z + 26, 33 = z - g*m. What is the tens digit of z?
2
Let v be 3/((-15)/20) - -59. Suppose -2*i + 26 = -3*i. Let p = i + v. What is the units digit of p?
9
Suppose 0 = -20*d + 50*d - 5160. What is the units digit of d?
2
Let y be 1*-2*(0 - -1). Let h(j) = -5 - 24*j**2 + 51*j**2 - 4*j**3 - 27*j**2 - 3*j. What is the units digit of h(y)?
3
What is the units digit of (-29320)/(-36) - 19/(171/4)?
4
Suppose -2*b = -4*i + 3 + 3, -3*b = -9. What is the units digit of (261/6)/(i/6)?
7
Let g(m) = -9*m - 2. Let c be (1/(-4))/(11/(-44)). Let a be g(c). Let f(r) = r**3 + 12*r**2 + 8*r + 4. What is the units digit of f(a)?
7
Suppose 0 = -26*w + 986 + 8504. What is the units digit of w?
5
Suppose 0*a - 3*c = -3*a + 1023, -4*c + 694 = 2*a. What is the tens digit of a?
4
Let s = -1066 + 3040. What is the hundreds digit of s?
9
Let g be (-2)/(-8)*4 - -4. Suppose -n - g*y = -19, -2*n - 191 = -7*n - y. What is the units digit of (-26)/n - 292/(-6)?
8
Suppose -3*m + 0 + 14 = -2*c, 4*c + 24 = 4*m. Let q(o) = 4*o**2 - 2*o + 5. What is the tens digit of q(c)?
7
Let i(f) = -f**3 - 10*f**2 + 20*f + 5. What is the tens digit of i(-12)?
5
Suppose 0 = -2*o + 3*m + 2 + 1, o = 2*m. Let s be (-26)/(-39) + 8/o. Suppose -3*d + d + 51 = l, 0 = -2*d + s*l + 36. What is the units digit of d?
3
What is the units digit of 19/2*252/6?
9
What is the hundreds digit of 13/(-65) - ((-11673)/(-5))/(-3)?
7
Let h = -10 + 10. What is the units digit of (-2 - -22) + 9 + -7 - h?
2
Suppose -10*x = -5*m - 5*x + 40, 0 = -5*m - 3*x + 8. Suppose -3*y - y + 16 = 0. Suppose -13 = r + m*b, -9*r = -y*r - b - 40. What is the units digit of r?
7
Suppose 30*x + 26*x = 54712. What is the tens digit of x?
7
Let o(j) = -2*j**2 + 6*j + 1. Let k be o(3). What is the units digit of k/(3 + (-344)/116)?
9
What is the hundreds digit of 33366/30 - (-4)/5?
1
Let w be 12/((-7)/((-14)/4)). Suppose 4*n + w = 7*n. Suppose -5*t = -3*i + 28, -n*i = 6*t - 2*t - 48. What is the units digit of i?
6
Let h(u) = u**2 - 34*u - 27. What is the units digit of h(36)?
5
Let o = 1564 + -1089. What is the hundreds digit of o?
4
Suppose -2*u - 12 = -4*v, 2 = 2*u + 4*v - 10. Suppose 3*g - 4*j = -u*j + 265, 5*g - 4*j - 431 = 0. Suppose 3*a = g + 22. What is the tens digit of a?
3
Let o be 0 + (-212)/((-12)/3). Suppose 5*z - o = -3. What is the tens digit of z?
1
What is the hundreds digit of 6/10 - 89082/(-30)?
9
Let o(c) = 6*c**2 + 6*c - 10. Let v be o(-7). Let x = -164 + v. What is the tens digit of x?
7
Let z = -20 - -21. What is the units digit of -1 + 13 + -3 + z?
0
Suppose 4*a = 20, 0 = k - 3*a - 341 - 102. What is the tens digit of k?
5
Let c be -20*1*(-4)/8. Suppose -2*k = 0, 5*t + 0*k + c = 3*k. What is the units digit of (1 + (t - 1))*-2?
4
Suppose 5*u - m = 9508, -m + 1530 - 5332 = -2*u. What is the hundreds digit of u?
9
Suppose 19 = 4*m - 85. Suppose -3*y - 8 = -3*b - m, -2*b - 10 = -y. Suppose y*i - 17 = 19. What is the units digit of i?
8
Let y = 527 + -21. What is the hundreds digit of y?
5
Let w = -8 - -16. Let i = -5 + w. Suppose 2*m + y = 81, m + i*y + 15 = 58. What is the tens digit of m?
4
Let h be -2*((-14)/4 - -2). What is the units digit of 49 + -3 + h - -4?
3
Suppose 6 = 2*u - 2. Let q(s) = 2*s**2 + u*s**2 + 3*s - s. What is the tens digit of q(2)?
2
Let j be (-41)/(1 + ((-10)/(-4) - 4)). Let h = -33 + j. What is the tens digit of h?
4
Suppose -w + 3*b = b + 11, 57 = -3*w - 2*b. Let q = w + 23. What is the tens digit of (-94)/(-4) - q/(-12)?
2
Let r(u) = -28*u**3 + 2*u**2 + 2*u + 1. Let g be r(-1). Suppose 4*a = g - 125. Let d = 46 + a. What is the tens digit of d?
2
Suppose -4181 = -9*l + 4324. What is the units digit of l?
5
Suppose -33 = i - 122. Let v = i + -36. What is the units digit of v?
3
Suppose 1470 = 24*j - 74946. What is the tens digit of j?
8
Suppose 3*s - 326 + 32 = 0. Let v = s - 47. What is the tens digit of v?
5
Suppose -348 = -3*s - 2*o + 98, -4*o + 442 = 3*s. Let g = s + -75. What is the units digit of g?
5
Let x = -222 - -854. Suppose -154*u = -150*u - x. What is the units digit of u?
8
Let w = 21 + -1. Suppose -p = -5*i - 2*p + 29, 0 = -5*p + w. What is the units digit of 6 - 0 - (i + -2)?
3
Let w(g) = 53*g - 260. What is the tens digit of w(32)?
3
Let z be (-8)/(-12)*3*2. Suppose 3*d = 2*f - 3*f + 18, 0 = 4*d - z. What is the units digit of f?
5
Let n(h) = h**2 - 3*h - 3. Let t be n(6). Suppose l + 4*m = -l - 36, -3*m = -t. What is the units digit of l/(-2) - (4 + -1)?
1
Let i(a) = -a**3 + 5*a**2 + a. Let d(g) = -3*g - 19. Let b be d(-8). Let w be i(b). Suppose w*r - 3 = -13, 4*r + 96 = 4*s. What is the tens digit of s?
2
Suppose 2*l - 21 = 43. Let x be (-1)/(l/(-34) + 1). Let q = x + 34. What is the tens digit of q?
1
What is the tens digit of 3080 - 2 - (0 - -18)/(-9)?
8
Suppose d = 5*d - 9540. What is the tens digit of d?
8
What is the tens digit of (-69)/(-4) + 5/(-29 + 9)?
1
Let j(i) = -i**2 + 3*i + 24. Let t(d) = -5*d**2 + 13*d + 120. Let c(s) = -11*j(s) + 2*t(s). What is the tens digit of c(-9)?
2
Let t(l) = -6*l - 1. Let x(u) = u**2 + 13*u + 3. Let k = 6 - 3. Let c(r) = k*x(r) + 7*t(r). What is the units digit of c(2)?
8
What is the units digit of (-56)/6*(-42)/49?
8
Suppose 0 = -w + 27 + 45. Suppose t = w - 11. What is the units digit of t?
1
Suppose 5*c - 23779 = -4534. What is the hundreds digit of c?
8
Let t(s) = -5*s**3 + 10*s**2 + 12*s + 8. What is the hundreds digit of t(-5)?
8
What is the hundreds digit of (-100)/(-550) - (-8092)/22?
3
Let g(t) = t**2 - 5*t + 1. Let v(w) = -w**2 - 2. Let j be v(0). Let k(i) = 4*i**2 - 14*i + 2. Let p(h) = j*k(h) + 7*g(h). What is the units digit of p(-7)?
3
Let y = -329 - -802. What is the hundreds digit of y?
4
Let v(g) = 9*g**3 + 2*g**2 - g - 1. Let p(a) = -a**3 - a**2 + 1. Let d(s) = -p(s) - v(s). Let i be d(1). Let c = 71 + i. What is the units digit of c?
3
Suppose -2*c = 8, w - 10 = 4*c + 13. Suppose -123 = -10*z + w*z. Let o = 90 - z. What is the tens digit of o?
4
Suppose -5*n = 4*u - 64, 0*n + 88 = 5*n - 2*u. Suppose 0 = n*m - 21*m + 50. What is the tens digit of (-15)/m*(-40)/6?
1
Suppose 0 = u +